{"id":7,"date":"2022-09-08T14:57:04","date_gmt":"2022-09-08T14:57:04","guid":{"rendered":"http:\/\/aw.hr.sos.pl\/?page_id=7"},"modified":"2022-09-09T14:40:23","modified_gmt":"2022-09-09T14:40:23","slug":"formularz-osobowy-dla-zleceniobiorcy","status":"publish","type":"page","link":"https:\/\/aw.hr.sos.pl\/?page_id=7","title":{"rendered":"Formularz Zleceniobiorcy"},"content":{"rendered":"\n<h3 class=\"wp-block-heading\">Formularz Zleceniobiorcy<\/h3>\n\n\n\n<div class=\"wp-block-contact-form-7-contact-form-selector\">\n<div class=\"wpcf7 no-js\" id=\"wpcf7-f6-o1\" lang=\"pl-PL\" dir=\"ltr\">\n<div class=\"screen-reader-response\"><p role=\"status\" aria-live=\"polite\" aria-atomic=\"true\"><\/p> <ul><\/ul><\/div>\n<form action=\"\/index.php?rest_route=%2Fwp%2Fv2%2Fpages%2F7#wpcf7-f6-o1\" method=\"post\" class=\"wpcf7-form init\" aria-label=\"Formularz kontaktowy\" enctype=\"multipart\/form-data\" novalidate=\"novalidate\" data-status=\"init\">\n<div style=\"display: none;\">\n<input type=\"hidden\" name=\"_wpcf7\" value=\"6\" \/>\n<input type=\"hidden\" name=\"_wpcf7_version\" value=\"5.9.6\" \/>\n<input type=\"hidden\" name=\"_wpcf7_locale\" value=\"pl_PL\" \/>\n<input type=\"hidden\" name=\"_wpcf7_unit_tag\" value=\"wpcf7-f6-o1\" \/>\n<input type=\"hidden\" name=\"_wpcf7_container_post\" value=\"0\" \/>\n<input type=\"hidden\" name=\"_wpcf7_posted_data_hash\" value=\"\" \/>\n<\/div>\n<p><label> imi\u0119*<br \/>\n<span class=\"wpcf7-form-control-wrap\" data-name=\"your-name\"><input size=\"40\" maxlength=\"80\" class=\"wpcf7-form-control wpcf7-text wpcf7-validates-as-required\" aria-required=\"true\" aria-invalid=\"false\" value=\"\" type=\"text\" name=\"your-name\" \/><\/span> <\/label>\n<\/p>\n<p><label> drugie imi\u0119<br \/>\n<span class=\"wpcf7-form-control-wrap\" data-name=\"your-name2\"><input size=\"40\" maxlength=\"80\" class=\"wpcf7-form-control wpcf7-text\" aria-invalid=\"false\" value=\"\" type=\"text\" name=\"your-name2\" \/><\/span> <\/label>\n<\/p>\n<p><label> nazwisko*<br \/>\n<span class=\"wpcf7-form-control-wrap\" data-name=\"your-surnamename\"><input size=\"40\" maxlength=\"80\" class=\"wpcf7-form-control wpcf7-text wpcf7-validates-as-required\" aria-required=\"true\" aria-invalid=\"false\" value=\"\" type=\"text\" name=\"your-surnamename\" \/><\/span> <\/label>\n<\/p>\n<p><label> PESEL*<br \/>\n<span class=\"wpcf7-form-control-wrap\" data-name=\"your-pesel\"><input size=\"40\" maxlength=\"80\" class=\"wpcf7-form-control wpcf7-text wpcf7-validates-as-required\" aria-required=\"true\" aria-invalid=\"false\" value=\"\" type=\"text\" name=\"your-pesel\" \/><\/span> <\/label>\n<\/p>\n<p><label> obywatelstwo*<br \/>\n<span class=\"wpcf7-form-control-wrap\" data-name=\"your-cityzen\"><input size=\"40\" maxlength=\"80\" class=\"wpcf7-form-control wpcf7-text wpcf7-validates-as-required\" aria-required=\"true\" aria-invalid=\"false\" value=\"\" type=\"text\" name=\"your-cityzen\" \/><\/span> <\/label>\n<\/p>\n<p>_______________________________________<br \/>\nAdres zamieszkania\n<\/p>\n<p><label> ulica<br \/>\n<span class=\"wpcf7-form-control-wrap\" data-name=\"street\"><input size=\"40\" maxlength=\"80\" class=\"wpcf7-form-control wpcf7-text\" aria-invalid=\"false\" value=\"\" type=\"text\" name=\"street\" \/><\/span> <\/label>\n<\/p>\n<p><label> numer domu*<br \/>\n<span class=\"wpcf7-form-control-wrap\" data-name=\"number\"><input size=\"40\" maxlength=\"80\" class=\"wpcf7-form-control wpcf7-text wpcf7-validates-as-required\" aria-required=\"true\" aria-invalid=\"false\" value=\"\" type=\"text\" name=\"number\" \/><\/span> <\/label>\n<\/p>\n<p><label> numer mieszkania<br \/>\n<span class=\"wpcf7-form-control-wrap\" data-name=\"number2\"><input size=\"40\" maxlength=\"80\" class=\"wpcf7-form-control wpcf7-text\" aria-invalid=\"false\" value=\"\" type=\"text\" name=\"number2\" \/><\/span> <\/label>\n<\/p>\n<p><label> kod pocztowy*<br \/>\n<span class=\"wpcf7-form-control-wrap\" data-name=\"code\"><input size=\"40\" maxlength=\"80\" class=\"wpcf7-form-control wpcf7-text wpcf7-validates-as-required\" aria-required=\"true\" aria-invalid=\"false\" value=\"\" type=\"text\" name=\"code\" \/><\/span> <\/label>\n<\/p>\n<p><label> miejscowo\u015b\u0107*<br \/>\n<span class=\"wpcf7-form-control-wrap\" data-name=\"city\"><input size=\"40\" maxlength=\"80\" class=\"wpcf7-form-control wpcf7-text wpcf7-validates-as-required\" aria-required=\"true\" aria-invalid=\"false\" value=\"\" type=\"text\" name=\"city\" \/><\/span> <\/label>\n<\/p>\n<p><label> poczta*<br \/>\n<span class=\"wpcf7-form-control-wrap\" data-name=\"poczta\"><input size=\"40\" maxlength=\"80\" class=\"wpcf7-form-control wpcf7-text wpcf7-validates-as-required\" aria-required=\"true\" aria-invalid=\"false\" value=\"\" type=\"text\" name=\"poczta\" \/><\/span> <\/label>\n<\/p>\n<p><label> gmina*<br \/>\n<span class=\"wpcf7-form-control-wrap\" data-name=\"city2\"><input size=\"40\" maxlength=\"80\" class=\"wpcf7-form-control wpcf7-text wpcf7-validates-as-required\" aria-required=\"true\" aria-invalid=\"false\" value=\"\" type=\"text\" name=\"city2\" \/><\/span> <\/label>\n<\/p>\n<p><label> powiat*<br \/>\n<span class=\"wpcf7-form-control-wrap\" data-name=\"city3\"><input size=\"40\" maxlength=\"80\" class=\"wpcf7-form-control wpcf7-text wpcf7-validates-as-required\" aria-required=\"true\" aria-invalid=\"false\" value=\"\" type=\"text\" name=\"city3\" \/><\/span> <\/label>\n<\/p>\n<p><label> adres e-mail*<br \/>\n<span class=\"wpcf7-form-control-wrap\" data-name=\"your-email\"><input size=\"40\" maxlength=\"80\" class=\"wpcf7-form-control wpcf7-email wpcf7-validates-as-required wpcf7-text wpcf7-validates-as-email\" aria-required=\"true\" aria-invalid=\"false\" value=\"\" type=\"email\" name=\"your-email\" \/><\/span> <\/label>\n<\/p>\n<p><label> numer telefonu*<br \/>\n<span class=\"wpcf7-form-control-wrap\" data-name=\"tel-675\"><input size=\"40\" maxlength=\"80\" class=\"wpcf7-form-control wpcf7-tel wpcf7-validates-as-required wpcf7-text wpcf7-validates-as-tel\" aria-required=\"true\" aria-invalid=\"false\" value=\"\" type=\"tel\" name=\"tel-675\" \/><\/span><\/label><br \/>\n_______________________________________\n<\/p>\n<p><label> Urz\u0105d skarbowy*<br \/>\n<span class=\"wpcf7-form-control-wrap\" data-name=\"tax\"><input size=\"40\" maxlength=\"80\" class=\"wpcf7-form-control wpcf7-text wpcf7-validates-as-required\" aria-required=\"true\" aria-invalid=\"false\" value=\"\" type=\"text\" name=\"tax\" \/><\/span> <\/label>\n<\/p>\n<p><label> Przynale\u017cno\u015b\u0107 do NFZ*<\/label><span class=\"wpcf7-form-control-wrap\" data-name=\"NFZ\"><select class=\"wpcf7-form-control wpcf7-select wpcf7-validates-as-required\" aria-required=\"true\" aria-invalid=\"false\" name=\"NFZ\"><option value=\"01 \u2013 Dolno\u015bl\u0105ski\">01 \u2013 Dolno\u015bl\u0105ski<\/option><option value=\"02 - Kujawsko-Pomorski\">02 - Kujawsko-Pomorski<\/option><option value=\"03 \u2013 Lubelski\">03 \u2013 Lubelski<\/option><option value=\"04 \u2013 Lubuski\">04 \u2013 Lubuski<\/option><option value=\"05 \u2013 \u0141\u00f3dzki\">05 \u2013 \u0141\u00f3dzki<\/option><option value=\"06 \u2013 Ma\u0142opolski\">06 \u2013 Ma\u0142opolski<\/option><option value=\"07 \u2013 Mazowiecki\">07 \u2013 Mazowiecki<\/option><option value=\"08 \u2013 Opolski\">08 \u2013 Opolski<\/option><option value=\"09 \u2013 Podkarpacki\">09 \u2013 Podkarpacki<\/option><option value=\"10 \u2013 Podlaski\">10 \u2013 Podlaski<\/option><option value=\"11 \u2013 Pomorski\">11 \u2013 Pomorski<\/option><option value=\"12 \u2013 \u015al\u0105ski\">12 \u2013 \u015al\u0105ski<\/option><option value=\"13 \u2013 \u015awi\u0119tokrzyski\">13 \u2013 \u015awi\u0119tokrzyski<\/option><option value=\"14 - Warmi\u0144sko-Mazurski\">14 - Warmi\u0144sko-Mazurski<\/option><option value=\"15 \u2013 Wielkopolski\">15 \u2013 Wielkopolski<\/option><option value=\"16 \u2013 Zachodniopomorski\">16 \u2013 Zachodniopomorski<\/option><\/select><\/span><br \/>\n_______________________________________\n<\/p>\n<p><label> PPK*<br \/>\n<label><br \/>\n<label> W przypadku, gdy moja umowa podlega\u0107 b\u0119dzie pod Pracownicze Plany Kapita\u0142owe sk\u0142adam poni\u017csz\u0105 deklaracj\u0119<br \/>\n<span class=\"wpcf7-form-control-wrap\" data-name=\"radio-267\"><span class=\"wpcf7-form-control wpcf7-radio\"><span class=\"wpcf7-list-item first\"><label><input type=\"radio\" name=\"radio-267\" value=\"&quot;Niniejszym o\u015bwiadczam, \u017ce wyra\u017cam zgod\u0119 na przekazanie do instytucji finansowej (TFI Allianz Polska S.A.) przez podmiot zatrudniaj\u0105cy mojego, podanego w niniejszym formularzu, adresu e-mail i numeru telefonu kom\u00f3rkowego, kt\u00f3rych jestem w\u0142a\u015bcicielem. Zosta\u0142am\/em poinformowany, \u017ce po przekazaniu tych danych otrzymam zaproszenie do zalogowania si\u0119 w portalu M\u00f3jAllianz, kt\u00f3ry pozwala zarz\u0105dza\u0107 online moim kontem PPK.&quot;\" checked=\"checked\" \/><span class=\"wpcf7-list-item-label\">&quot;Niniejszym o\u015bwiadczam, \u017ce wyra\u017cam zgod\u0119 na przekazanie do instytucji finansowej (TFI Allianz Polska S.A.) przez podmiot zatrudniaj\u0105cy mojego, podanego w niniejszym formularzu, adresu e-mail i numeru telefonu kom\u00f3rkowego, kt\u00f3rych jestem w\u0142a\u015bcicielem. Zosta\u0142am\/em poinformowany, \u017ce po przekazaniu tych danych otrzymam zaproszenie do zalogowania si\u0119 w portalu M\u00f3jAllianz, kt\u00f3ry pozwala zarz\u0105dza\u0107 online moim kontem PPK.&quot;<\/span><\/label><\/span><span class=\"wpcf7-list-item\"><label><input type=\"radio\" name=\"radio-267\" value=\"&quot;O\u015bwiadczam, \u017ce rezygnuj\u0119 z dokonywania wp\u0142at do PPK oraz posiadam wiedz\u0119 o konsekwencjach z\u0142o\u017cenia niniejszej deklaracji, w tym:1) nieotrzymania wp\u0142aty powitalnej w wysoko\u015bci 250 z\u0142, nale\u017cnej uczestnikom PPK (dotyczy uczestnika PPK, kt\u00f3ry nie naby\u0142 uprawnienia do wp\u0142aty powitalnej przed z\u0142o\u017ceniem deklaracji);2) nieotrzymywania dop\u0142at rocznych do PPK w wysoko\u015bci 240 z\u0142, nale\u017cnych uczestnikom PPK po spe\u0142nieniu warunk\u00f3w okre\u015blonych w art. 32 ustawy z dnia 4 pa\u017adziernika 2018 r. o pracowniczych planach kapita\u0142owych (Dz. U. poz. 2215 z p\u00f3\u017an. zm.);3) nieotrzymywania wp\u0142at podstawowych finansowanych przez podmiot zatrudniaj\u0105cy w wysoko\u015bci 1,5% wynagrodzenia.&quot;\" \/><span class=\"wpcf7-list-item-label\">&quot;O\u015bwiadczam, \u017ce rezygnuj\u0119 z dokonywania wp\u0142at do PPK oraz posiadam wiedz\u0119 o konsekwencjach z\u0142o\u017cenia niniejszej deklaracji, w tym:1) nieotrzymania wp\u0142aty powitalnej w wysoko\u015bci 250 z\u0142, nale\u017cnej uczestnikom PPK (dotyczy uczestnika PPK, kt\u00f3ry nie naby\u0142 uprawnienia do wp\u0142aty powitalnej przed z\u0142o\u017ceniem deklaracji);2) nieotrzymywania dop\u0142at rocznych do PPK w wysoko\u015bci 240 z\u0142, nale\u017cnych uczestnikom PPK po spe\u0142nieniu warunk\u00f3w okre\u015blonych w art. 32 ustawy z dnia 4 pa\u017adziernika 2018 r. o pracowniczych planach kapita\u0142owych (Dz. U. poz. 2215 z p\u00f3\u017an. zm.);3) nieotrzymywania wp\u0142at podstawowych finansowanych przez podmiot zatrudniaj\u0105cy w wysoko\u015bci 1,5% wynagrodzenia.&quot;<\/span><\/label><\/span><span class=\"wpcf7-list-item last\"><label><input type=\"radio\" name=\"radio-267\" value=\"&quot;Chc\u0119 przyst\u0105pi\u0107 do programu PPK bez przekazywania do instytucji finansowej (TFI Allianz Polska S.A.) mojego adresu e-mail i numeru telefonu kom\u00f3rkowego.&quot;\" \/><span class=\"wpcf7-list-item-label\">&quot;Chc\u0119 przyst\u0105pi\u0107 do programu PPK bez przekazywania do instytucji finansowej (TFI Allianz Polska S.A.) mojego adresu e-mail i numeru telefonu kom\u00f3rkowego.&quot;<\/span><\/label><\/span><\/span><\/span><br \/>\n<label><br \/>\n<label>Broszura informacyjna na temat Pracowniczych Plan\u00f3w Kapita\u0142owych oraz wnioski i deklaracje, kt\u00f3re mo\u017cna za\u0142\u0105czy\u0107 do formularza znajduj\u0105 si\u0119 na tej stronie http:\/\/aw.hr.sos.pl\/?page_id=84<br \/>\n_______________________________________<br \/>\n<label> numer konta bankowego*<br \/>\n<span class=\"wpcf7-form-control-wrap\" data-name=\"bank\"><input size=\"40\" maxlength=\"80\" class=\"wpcf7-form-control wpcf7-text wpcf7-validates-as-required\" aria-required=\"true\" aria-invalid=\"false\" value=\"\" type=\"text\" name=\"bank\" \/><\/span> <\/label><br \/>\n_______________________________________<br \/>\nO\u015bwiadczenie zleceniobiorcy w celu ustalenia obowi\u0105zku potr\u0105cenia sk\u0142adek ZUS na ubezpieczenie spo\u0142eczne i zdrowotne.<br \/>\n<span class=\"wpcf7-form-control-wrap\" data-name=\"checkbox-76\"><span class=\"wpcf7-form-control wpcf7-checkbox\"><span class=\"wpcf7-list-item first\"><label><input type=\"checkbox\" name=\"checkbox-76[]\" value=\"jestem r\u00f3wnocze\u015bnie zatrudniony \/a\/ na podstawie umowy o prac\u0119 u innego pracodawcy i otrzymuj\u0119 wynagrodzenie wy\u017ce lub r\u00f3wne wynagrodzeniu minimalnemu\" \/><span class=\"wpcf7-list-item-label\">jestem r\u00f3wnocze\u015bnie zatrudniony \/a\/ na podstawie umowy o prac\u0119 u innego pracodawcy i otrzymuj\u0119 wynagrodzenie wy\u017ce lub r\u00f3wne wynagrodzeniu minimalnemu<\/span><\/label><\/span><span class=\"wpcf7-list-item\"><label><input type=\"checkbox\" name=\"checkbox-76[]\" value=\"jestem ubezpieczony z tytu\u0142u prowadzenia dzia\u0142alno\u015bci gospodarczej i op\u0142acam standardowe sk\u0142adki spo\u0142eczne\" \/><span class=\"wpcf7-list-item-label\">jestem ubezpieczony z tytu\u0142u prowadzenia dzia\u0142alno\u015bci gospodarczej i op\u0142acam standardowe sk\u0142adki spo\u0142eczne<\/span><\/label><\/span><span class=\"wpcf7-list-item\"><label><input type=\"checkbox\" name=\"checkbox-76[]\" value=\"jestem emerytem\" \/><span class=\"wpcf7-list-item-label\">jestem emerytem<\/span><\/label><\/span><span class=\"wpcf7-list-item\"><label><input type=\"checkbox\" name=\"checkbox-76[]\" value=\"jestem rencist\u0105\" \/><span class=\"wpcf7-list-item-label\">jestem rencist\u0105<\/span><\/label><\/span><span class=\"wpcf7-list-item\"><label><input type=\"checkbox\" name=\"checkbox-76[]\" value=\"nie pracuj\u0119 i nie jestem obj\u0119ty ubezpieczeniem spo\u0142ecznym z \u017cadnego tytu\u0142u\" \/><span class=\"wpcf7-list-item-label\">nie pracuj\u0119 i nie jestem obj\u0119ty ubezpieczeniem spo\u0142ecznym z \u017cadnego tytu\u0142u<\/span><\/label><\/span><span class=\"wpcf7-list-item\"><label><input type=\"checkbox\" name=\"checkbox-76[]\" value=\"jestem uczniem szko\u0142y ponadpodstawowej\" \/><span class=\"wpcf7-list-item-label\">jestem uczniem szko\u0142y ponadpodstawowej<\/span><\/label><\/span><span class=\"wpcf7-list-item\"><label><input type=\"checkbox\" name=\"checkbox-76[]\" value=\"jestem studentem i nie uko\u0144czy\u0142em 26 lat\" \/><span class=\"wpcf7-list-item-label\">jestem studentem i nie uko\u0144czy\u0142em 26 lat<\/span><\/label><\/span><span class=\"wpcf7-list-item last\"><label><input type=\"checkbox\" name=\"checkbox-76[]\" value=\"jestem funkcjonariuszem s\u0142u\u017cb mundurowych \/ \u017co\u0142nierze zawodowy\" \/><span class=\"wpcf7-list-item-label\">jestem funkcjonariuszem s\u0142u\u017cb mundurowych \/ \u017co\u0142nierze zawodowy<\/span><\/label><\/span><\/span><\/span><br \/>\n_______________________________________<br \/>\nUWAGA: Dodatkowo zleceniobiorca mo\u017ce przyst\u0105pi\u0107 do dobrowolnego ubezpieczenia ZUS<br \/>\n<span class=\"wpcf7-form-control-wrap\" data-name=\"checkbox-77\"><span class=\"wpcf7-form-control wpcf7-checkbox\"><span class=\"wpcf7-list-item first\"><label><input type=\"checkbox\" name=\"checkbox-77[]\" value=\"prosz\u0119 o dobrowolne ubezpieczenie chorobowe\" \/><span class=\"wpcf7-list-item-label\">prosz\u0119 o dobrowolne ubezpieczenie chorobowe<\/span><\/label><\/span><span class=\"wpcf7-list-item last\"><label><input type=\"checkbox\" name=\"checkbox-77[]\" value=\"dobrowolne ubezpieczenie emerytalne i rentowe\" \/><span class=\"wpcf7-list-item-label\">dobrowolne ubezpieczenie emerytalne i rentowe<\/span><\/label><\/span><\/span><\/span><br \/>\n_______________________________________<br \/>\nZgody*<br \/>\n<span class=\"wpcf7-form-control-wrap\" data-name=\"checkbox-285\"><span class=\"wpcf7-form-control wpcf7-checkbox wpcf7-validates-as-required\"><span class=\"wpcf7-list-item first last\"><label><input type=\"checkbox\" name=\"checkbox-285[]\" value=\"Wyra\u017cam zgod\u0119 na przetwarzanie powy\u017cszych danych \u2013 obecnie i w przysz\u0142o\u015bci w celach podatkowych, ubezpieczeniowych i ewidencyjnych przez zleceniodawc\u0119\/zamawiaj\u0105cego.\" \/><span class=\"wpcf7-list-item-label\">Wyra\u017cam zgod\u0119 na przetwarzanie powy\u017cszych danych \u2013 obecnie i w przysz\u0142o\u015bci w celach podatkowych, ubezpieczeniowych i ewidencyjnych przez zleceniodawc\u0119\/zamawiaj\u0105cego.<\/span><\/label><\/span><\/span><\/span><br \/>\n<span class=\"wpcf7-form-control-wrap\" data-name=\"checkbox-286\"><span class=\"wpcf7-form-control wpcf7-checkbox wpcf7-validates-as-required\"><span class=\"wpcf7-list-item first last\"><label><input type=\"checkbox\" name=\"checkbox-286[]\" value=\"Wyra\u017cam zgod\u0119, na kontaktowanie si\u0119 ze mn\u0105 drog\u0105 telefoniczn\u0105 oraz\/lub mailow\u0105 w sprawach zwi\u0105zanych za umow\u0105, rozliczeniami oraz podatkami.\" \/><span class=\"wpcf7-list-item-label\">Wyra\u017cam zgod\u0119, na kontaktowanie si\u0119 ze mn\u0105 drog\u0105 telefoniczn\u0105 oraz\/lub mailow\u0105 w sprawach zwi\u0105zanych za umow\u0105, rozliczeniami oraz podatkami.<\/span><\/label><\/span><\/span><\/span><br \/>\n_______________________________________<br \/>\n<label> uwagi (opcjonalne)<br \/>\n<span class=\"wpcf7-form-control-wrap\" data-name=\"your-message\"><textarea cols=\"40\" rows=\"10\" maxlength=\"400\" class=\"wpcf7-form-control wpcf7-textarea\" aria-invalid=\"false\" name=\"your-message\"><\/textarea><\/span> <\/label><br \/>\n<label> za\u0142\u0105czniki (opcjonalne)<br \/>\n<span class=\"wpcf7-form-control-wrap\" data-name=\"file-77\"><input size=\"40\" class=\"wpcf7-form-control wpcf7-file\" accept=\"audio\/*,video\/*,image\/*\" aria-invalid=\"false\" type=\"file\" name=\"file-77\" \/><\/span><br \/>\n<span class=\"wpcf7-form-control-wrap\" data-name=\"file-704\"><input size=\"40\" class=\"wpcf7-form-control wpcf7-file\" accept=\"audio\/*,video\/*,image\/*\" aria-invalid=\"false\" type=\"file\" name=\"file-704\" \/><\/span><br \/>\n<\/label><br \/>\n<input class=\"wpcf7-form-control wpcf7-submit has-spinner\" type=\"submit\" value=\"Wy\u015blij\" \/><\/label><\/label><\/label><\/label><\/label>\n<\/p><div class=\"wpcf7-response-output\" aria-hidden=\"true\"><\/div>\n<\/form>\n<\/div>\n<\/div>\n","protected":false},"excerpt":{"rendered":"<p>Formularz Zleceniobiorcy<\/p>\n","protected":false},"author":1,"featured_media":0,"parent":47,"menu_order":0,"comment_status":"closed","ping_status":"closed","template":"","meta":{"footnotes":""},"class_list":["post-7","page","type-page","status-publish","hentry"],"_links":{"self":[{"href":"https:\/\/aw.hr.sos.pl\/index.php?rest_route=\/wp\/v2\/pages\/7","targetHints":{"allow":["GET"]}}],"collection":[{"href":"https:\/\/aw.hr.sos.pl\/index.php?rest_route=\/wp\/v2\/pages"}],"about":[{"href":"https:\/\/aw.hr.sos.pl\/index.php?rest_route=\/wp\/v2\/types\/page"}],"author":[{"embeddable":true,"href":"https:\/\/aw.hr.sos.pl\/index.php?rest_route=\/wp\/v2\/users\/1"}],"replies":[{"embeddable":true,"href":"https:\/\/aw.hr.sos.pl\/index.php?rest_route=%2Fwp%2Fv2%2Fcomments&post=7"}],"version-history":[{"count":3,"href":"https:\/\/aw.hr.sos.pl\/index.php?rest_route=\/wp\/v2\/pages\/7\/revisions"}],"predecessor-version":[{"id":130,"href":"https:\/\/aw.hr.sos.pl\/index.php?rest_route=\/wp\/v2\/pages\/7\/revisions\/130"}],"up":[{"embeddable":true,"href":"https:\/\/aw.hr.sos.pl\/index.php?rest_route=\/wp\/v2\/pages\/47"}],"wp:attachment":[{"href":"https:\/\/aw.hr.sos.pl\/index.php?rest_route=%2Fwp%2Fv2%2Fmedia&parent=7"}],"curies":[{"name":"wp","href":"https:\/\/api.w.org\/{rel}","templated":true}]}}